{"id":5120,"date":"2023-05-04T11:47:06","date_gmt":"2023-05-04T09:47:06","guid":{"rendered":"https:\/\/www.ibot.cas.cz\/oddeleni-vegetacni-ekologie\/?page_id=5120"},"modified":"2023-05-04T11:47:06","modified_gmt":"2023-05-04T09:47:06","slug":"laboratore","status":"publish","type":"page","link":"https:\/\/www.ibot.cas.cz\/oddeleni-vegetacni-ekologie\/cs\/laboratore\/","title":{"rendered":"Laborato\u0159e"},"content":{"rendered":"<p>V\u0161em z\u00e1jemc\u016fm o rychl\u00e9 a kvalitn\u00ed anal\u00fdzy nab\u00edz\u00edme slu\u017eby na\u0161ich laborato\u0159\u00ed. Cen\u00edky prac\u00ed pro jednotliv\u00e9 zak\u00e1zky s informacemi o poskytovan\u00fdch slu\u017eb\u00e1ch naleznete v odkazech n\u00ed\u017ee.<\/p>\n<p><b>Laborato\u0159 pro anal\u00fdzu p\u016fdn\u00edho a rostlinn\u00e9ho materi\u00e1lu<\/b><\/p>\n<p>Na\u0161e laborato\u0159 um\u00edst\u011bn\u00e1 v centru Brna na adrese Lidick\u00e1 25\/27 disponuje modern\u00edm p\u0159\u00edstrojov\u00fdm vybaven\u00edm. To umo\u017e\u0148uje stanovovat v p\u016fdn\u00edch vzorc\u00edch obsah fosforu, drasl\u00edku, forem dus\u00edku i celkov\u00e9ho dus\u00edku. Krom\u011b p\u016fdn\u00edch vzork\u016f je mo\u017en\u00e9 stejn\u00fdm zp\u016fsobem analyzovat rostlinn\u00fd materi\u00e1l. K dispozici je automatick\u00fd analyz\u00e1tor pH, kter\u00fd je ur\u010den ke zpracov\u00e1n\u00ed velk\u00e9ho mno\u017estv\u00ed vzork\u016f.<\/p>\n<p><strong>Nab\u00edz\u00edme tyto typy anal\u00fdz:<\/strong><\/p>\n<ul>\n<li>Stanoven\u00ed pH v r\u016fzn\u00fdch typech roztok\u016f.<\/li>\n<li class=\"\">Stanoven\u00ed obsahu fosforu, drasl\u00edku a forem dus\u00edku pomoc\u00ed spektrofotometrick\u00e9 anal\u00fdzy (p\u0159\u00edstroje Skalar SAN++ a plamenov\u00fd fotometr).<\/li>\n<li class=\"\">Stanoven\u00ed celkov\u00e9ho dus\u00edku pomoc\u00ed mineralizace v diges\u010dn\u00edm bloku.<\/li>\n<li class=\"\">Stanoven\u00ed obsahu organick\u00e9 hmoty spalov\u00e1n\u00edm.<\/li>\n<\/ul>\n<p>V\u0161echny anal\u00fdzy prov\u00e1d\u00edme tak\u00e9 pro pot\u0159eby z\u00e1kazn\u00edk\u016f mimo na\u0161e pracovi\u0161t\u011b. Nab\u00edz\u00edme vysokou kvalitu za p\u0159\u00edzniv\u00e9 ceny. V p\u0159\u00edpad\u011b z\u00e1jmu \u010di jak\u00fdchkoli dotaz\u016f k metod\u00e1m a cen\u011b anal\u00fdz n\u00e1s pros\u00edm kontaktujte e-mailem nebo telefonicky.<\/p>\n<p><strong>Cen\u00edk prac\u00ed<\/strong> najdete <a href=\"https:\/\/www.ibot.cas.cz\/oddeleni-vegetacni-ekologie\/wp-content\/uploads\/sites\/12\/2023\/05\/cenik_analyticka_lab.pdf\">zde<\/a>.<\/p>\n<p><strong>Kontakt:<\/strong> Radim H\u00e9dl<\/p>\n","protected":false},"excerpt":{"rendered":"<p>V\u0161em z\u00e1jemc\u016fm o rychl\u00e9 a kvalitn\u00ed anal\u00fdzy nab\u00edz\u00edme slu\u017eby na\u0161ich laborato\u0159\u00ed. Cen\u00edky prac\u00ed pro jednotliv\u00e9 zak\u00e1zky s informacemi o poskytovan\u00fdch slu\u017eb\u00e1ch naleznete v odkazech n\u00ed\u017ee. Laborato\u0159 pro anal\u00fdzu p\u016fdn\u00edho a rostlinn\u00e9ho materi\u00e1lu Na\u0161e laborato\u0159 um\u00edst\u011bn\u00e1 v centru Brna na adrese Lidick\u00e1 25\/27 disponuje modern\u00edm p\u0159\u00edstrojov\u00fdm vybaven\u00edm. To umo\u017e\u0148uje stanovovat v p\u016fdn\u00edch vzorc\u00edch obsah fosforu, drasl\u00edku, [&hellip;]<\/p>\n","protected":false},"author":24,"featured_media":0,"parent":0,"menu_order":0,"comment_status":"closed","ping_status":"closed","template":"","meta":{"_acf_changed":false,"footnotes":"","_links_to":"","_links_to_target":""},"class_list":["post-5120","page","type-page","status-publish","hentry"],"acf":[],"_links":{"self":[{"href":"https:\/\/www.ibot.cas.cz\/oddeleni-vegetacni-ekologie\/wp-json\/wp\/v2\/pages\/5120","targetHints":{"allow":["GET"]}}],"collection":[{"href":"https:\/\/www.ibot.cas.cz\/oddeleni-vegetacni-ekologie\/wp-json\/wp\/v2\/pages"}],"about":[{"href":"https:\/\/www.ibot.cas.cz\/oddeleni-vegetacni-ekologie\/wp-json\/wp\/v2\/types\/page"}],"author":[{"embeddable":true,"href":"https:\/\/www.ibot.cas.cz\/oddeleni-vegetacni-ekologie\/wp-json\/wp\/v2\/users\/24"}],"replies":[{"embeddable":true,"href":"https:\/\/www.ibot.cas.cz\/oddeleni-vegetacni-ekologie\/wp-json\/wp\/v2\/comments?post=5120"}],"version-history":[{"count":1,"href":"https:\/\/www.ibot.cas.cz\/oddeleni-vegetacni-ekologie\/wp-json\/wp\/v2\/pages\/5120\/revisions"}],"predecessor-version":[{"id":5122,"href":"https:\/\/www.ibot.cas.cz\/oddeleni-vegetacni-ekologie\/wp-json\/wp\/v2\/pages\/5120\/revisions\/5122"}],"wp:attachment":[{"href":"https:\/\/www.ibot.cas.cz\/oddeleni-vegetacni-ekologie\/wp-json\/wp\/v2\/media?parent=5120"}],"curies":[{"name":"wp","href":"https:\/\/api.w.org\/{rel}","templated":true}]}}