{"id":4921,"date":"2023-03-24T11:20:23","date_gmt":"2023-03-24T10:20:23","guid":{"rendered":"https:\/\/www.ibot.cas.cz\/oddeleni-vegetacni-ekologie\/?page_id=4921"},"modified":"2023-07-25T13:38:24","modified_gmt":"2023-07-25T11:38:24","slug":"history","status":"publish","type":"page","link":"https:\/\/www.ibot.cas.cz\/oddeleni-vegetacni-ekologie\/en\/about\/history\/","title":{"rendered":"History"},"content":{"rendered":"<div id=\"attachment_5193\" style=\"width: 310px\" class=\"wp-caption alignright\"><img loading=\"lazy\" decoding=\"async\" aria-describedby=\"caption-attachment-5193\" class=\"wp-image-5193 size-medium\" src=\"https:\/\/www.ibot.cas.cz\/oddeleni-vegetacni-ekologie\/wp-content\/uploads\/sites\/12\/2023\/05\/historie_1_en-300x200.jpg\" alt=\"\" width=\"300\" height=\"200\" srcset=\"https:\/\/www.ibot.cas.cz\/oddeleni-vegetacni-ekologie\/wp-content\/uploads\/sites\/12\/2023\/05\/historie_1_en-300x200.jpg 300w, https:\/\/www.ibot.cas.cz\/oddeleni-vegetacni-ekologie\/wp-content\/uploads\/sites\/12\/2023\/05\/historie_1_en-1024x683.jpg 1024w, https:\/\/www.ibot.cas.cz\/oddeleni-vegetacni-ekologie\/wp-content\/uploads\/sites\/12\/2023\/05\/historie_1_en-768x512.jpg 768w, https:\/\/www.ibot.cas.cz\/oddeleni-vegetacni-ekologie\/wp-content\/uploads\/sites\/12\/2023\/05\/historie_1_en.jpg 1093w\" sizes=\"auto, (max-width: 300px) 100vw, 300px\" \/><p id=\"caption-attachment-5193\" class=\"wp-caption-text\"><small>Hydroponic cultivation, T\u0159ebo\u0148. From the left S. Prat, D. Dykyjov\u00e1, J. Kv\u011bt, K. Fiala<\/small><\/p><\/div>\n<p>The origins of the Department of Vegetation Ecology go back to the 1950s, when the Geobotanical Laboratories in Pr\u016fhonice (1954) and Brno (1955) were founded as part of the Czechoslovak Academy of Sciences (CSAS). The head of the Brno lab was Jan \u0160marda, bryologist, phytogeographist, geobotanist and mycologist. The Institute of Botany was established by uniting the Pr\u016fhonice and Brno geobotanical laboratories. The Brno lab became the Department of Ecology, the first Head of Department was Milena Rychnovsk\u00e1. In the early years the most important member of the Department were Kamil Rybn\u00ed\u010dek, Eli\u0161ka Rybn\u00ed\u010dkov\u00e1, Emilie Bal\u00e1tov\u00e1, Blanka \u00dalehlov\u00e1 and Robert Neuh\u00e4usl. The whole group contributed significantly to the geobotanical mapping of the Czech lands.<\/p>\n<p>Two main research directions influenced the work of the Department of Ecology in the 1960s\u20131980s. The <b>ecological group<\/b>, led by Milena Rychnovsk\u00e1, worked on ecophysiology, using <i>Stipa<\/i> spp. and <i>Festuca<\/i> spp. as model groups, complemented by the study of microbial activity (Blanka \u00dalehlov\u00e1) and the study of the functioning of alluvial grassland ecosystems in Lan\u017ehot. Further topics included the synecological study of South Moravian floodplain meadows (Em\u00edlie Bal\u00e1tov\u00e1) and a comprehensive study of South Moravian wetlands (Jan Kv\u011bt). In the 1970s, by the &#8222;Kameni\u010dky&#8220; project of the Department was included in the International <a href=\"http:\/\/mab.kav.cas.cz\/mab.html\" target=\"_blank\" rel=\"noopener\">Man and Biosphere<\/a> Programme. Part of this project was the study of the structure, production processes and cycling of carbon and nitrogen in a sub-alpine meadow in the Bohemian-Moravian Highlands. Significant contributions to this project included Jan Gloser, Jana Jakrlov\u00e1, Karel Fiala, Marta Tesa\u0159ov\u00e1 and Pavel \u0160m\u00edd. In addition, the group focused on the development of new laboratory and field methods for ecological research (M. Rychnovsk\u00e1 et al.: <i>Metody studia travinn\u00fdch ekosyst\u00e9m\u016f (Methods of Study of the Grasslands Ecosystems)<\/i>, Academia, 1987).<\/p>\n<div id=\"attachment_5198\" style=\"width: 228px\" class=\"wp-caption alignleft\"><img loading=\"lazy\" decoding=\"async\" aria-describedby=\"caption-attachment-5198\" class=\"wp-image-5198 size-medium\" src=\"https:\/\/www.ibot.cas.cz\/oddeleni-vegetacni-ekologie\/wp-content\/uploads\/sites\/12\/2023\/05\/Historie_2_eng-218x300.jpg\" alt=\"\" width=\"218\" height=\"300\" srcset=\"https:\/\/www.ibot.cas.cz\/oddeleni-vegetacni-ekologie\/wp-content\/uploads\/sites\/12\/2023\/05\/Historie_2_eng-218x300.jpg 218w, https:\/\/www.ibot.cas.cz\/oddeleni-vegetacni-ekologie\/wp-content\/uploads\/sites\/12\/2023\/05\/Historie_2_eng.jpg 667w\" sizes=\"auto, (max-width: 218px) 100vw, 218px\" \/><p id=\"caption-attachment-5198\" class=\"wp-caption-text\"><small>Kameni\u010dky,. From the left K. Fiala, B. Pet\u0159\u00edk, H. Gloser<\/small><\/p><\/div>\n<p>The <b>palynological<\/b> (later Palaeoecological) <b>group<\/b> was led by Eli\u0161ka Rybn\u00ed\u010dkov\u00e1 with members <a title=\"Doc. RNDr. Kamil Rybn\u00ed\u010dek, CSc.\" href=\"https:\/\/www.ibot.cas.cz\/oddeleni-vegetacni-ekologie\/en\/?team=kamil-rybnicek-2\" target=\"_blank\" rel=\"noopener\">Kamil Rybn\u00ed\u010dek<\/a>, <a title=\"RNDr. Vlasta Jankovsk\u00e1 CSc.\" href=\"https:\/\/www.ibot.cas.cz\/oddeleni-vegetacni-ekologie\/en\/?team=vlasta-jankovska-2\" target=\"_blank\" rel=\"noopener\">Vlasta Jankovsk\u00e1<\/a> and <a title=\"PhDr. Helena Svitavsk\u00e1 Svobodov\u00e1, CSc.\" href=\"https:\/\/www.ibot.cas.cz\/oddeleni-vegetacni-ekologie\/en\/?team=helena-svitavska-svobodova-2\" target=\"_blank\" rel=\"noopener\">Helena Svobodov\u00e1<\/a>. They focused on the study of vegetation development in the whole territory of the former Czechoslovakia in the postglacial period: the Bohemian-Moravian Highlands, Southern Bohemia, Ore Mountains, Krkono\u0161e Mountains, Jesen\u00edky Mountains, Jizera Mountains, Rakovn\u00edk region, southern Moravia, Upper Orava, High Tatras and the High Tatras basin. Their research was often linked to issues addressed at the <a href=\"http:\/\/www.ibot.cas.cz\/en\/oddeleni_geobotaniky\" target=\"_blank\" rel=\"noopener\">Geobotanical Department of the Institute of Botany in Pr\u016fhonice<\/a>. A major result of this group was the <i>Vegetace \u010cSSR<\/i> (ser. A), <i>Palaeobotanical maps of the Czech lands, <\/i>which was the first of its kind in the country. This publication described the development of tree communities in different historical periods.<\/p>\n<div id=\"attachment_5197\" style=\"width: 310px\" class=\"wp-caption alignright\"><img loading=\"lazy\" decoding=\"async\" aria-describedby=\"caption-attachment-5197\" class=\"size-medium wp-image-5197\" src=\"https:\/\/www.ibot.cas.cz\/oddeleni-vegetacni-ekologie\/wp-content\/uploads\/sites\/12\/2023\/05\/historie_3_eng-300x225.jpg\" alt=\"\" width=\"300\" height=\"225\" srcset=\"https:\/\/www.ibot.cas.cz\/oddeleni-vegetacni-ekologie\/wp-content\/uploads\/sites\/12\/2023\/05\/historie_3_eng-300x225.jpg 300w, https:\/\/www.ibot.cas.cz\/oddeleni-vegetacni-ekologie\/wp-content\/uploads\/sites\/12\/2023\/05\/historie_3_eng-768x577.jpg 768w, https:\/\/www.ibot.cas.cz\/oddeleni-vegetacni-ekologie\/wp-content\/uploads\/sites\/12\/2023\/05\/historie_3_eng.jpg 942w\" sizes=\"auto, (max-width: 300px) 100vw, 300px\" \/><p id=\"caption-attachment-5197\" class=\"wp-caption-text\"><small>Southern Bohemia, Novo\u0159eck\u00e1 Ba\u0161ta. From the left J. Kv\u011bt, S. Hejn\u00fd, K. Fiala <\/small><\/p><\/div>\n<p>In 1983, the Department of Ecology was incorporated into the newly formed Institute of Experimental Plant Phytotechnics. The structure of the Institute and its scientific concept was largely determined by personal ambitions of the Institutes&#8216; leadership and political decisions. Thereby during the mid-eighties the Institute encountered a period of stagnation. However, in subsequent years several books summarizing previous research were published. The main result was the <i>Ecology of Grasslands<\/i> (Academia, 1985), which was the first comprehensive work dealing with meadows in complex ecosystem and synecological terms. This book was noted for its quality and was included in global syntheses related to temperate grasslands.<\/p>\n<div id=\"attachment_5196\" style=\"width: 310px\" class=\"wp-caption alignleft\"><img loading=\"lazy\" decoding=\"async\" aria-describedby=\"caption-attachment-5196\" class=\"size-medium wp-image-5196\" src=\"https:\/\/www.ibot.cas.cz\/oddeleni-vegetacni-ekologie\/wp-content\/uploads\/sites\/12\/2023\/05\/historie_4_eng-300x206.jpg\" alt=\"\" width=\"300\" height=\"206\" srcset=\"https:\/\/www.ibot.cas.cz\/oddeleni-vegetacni-ekologie\/wp-content\/uploads\/sites\/12\/2023\/05\/historie_4_eng-300x206.jpg 300w, https:\/\/www.ibot.cas.cz\/oddeleni-vegetacni-ekologie\/wp-content\/uploads\/sites\/12\/2023\/05\/historie_4_eng-1024x704.jpg 1024w, https:\/\/www.ibot.cas.cz\/oddeleni-vegetacni-ekologie\/wp-content\/uploads\/sites\/12\/2023\/05\/historie_4_eng-768x528.jpg 768w, https:\/\/www.ibot.cas.cz\/oddeleni-vegetacni-ekologie\/wp-content\/uploads\/sites\/12\/2023\/05\/historie_4_eng.jpg 1296w\" sizes=\"auto, (max-width: 300px) 100vw, 300px\" \/><p id=\"caption-attachment-5196\" class=\"wp-caption-text\"><small>Southern Bohemia, Novo\u0159eck\u00e1 Ba\u0161ta. From the left M.Tesa\u0159ov\u00e1, S. Hejn\u00fd, K. Fiala, R. Kv\u011btov\u00e1, O. Hejn\u00e1, E. Rejm\u00e1nkov\u00e1, B. \u00dalehlov\u00e1, J. Kv\u011bt<\/small><\/p><\/div>\n<p>In 1987 major changes occurred in the structure of the Department and its scientific concepts. The Institute of Experimental Plant Phytotechnics of CSAS and the Research Institute of Vertebrates of the CSAS were merged to form the multidisciplinary Institute of Systematic and Ecological Biology of the CSAS. A significant component within this new institute was the Department of Grassland Ecosystems. However, in 1993 the Institute was merged again with the Institute of Landscape Ecology of the Czech Academy of Sciences in \u010cesk\u00e9 Bud\u011bjovice and thus the institution of the same name was founded, although it was relocated to Brno. While the group engaged in the research of grassland ecosystems was incorporated into the newly established institute, the paleoecological group became part of the Institute of Botany of the Czech Academy of Sciences in Pr\u016fhonice. The Institute of Landscape Ecology, perceived to be inefficient in its structure at the time, was once again reorganized five years later. The Department of Grassland Ecosystems was reincorporated into the Institute of Botany and by merging with the paleoecological group, the Department of Ecology in Brno was created. In 2009 the Department was renamed the Department of Vegetation Ecology, which generally reflects historical continuity and the current focus of the group.<\/p>\n<p><b>The last two decades<\/b><\/p>\n<div id=\"attachment_5195\" style=\"width: 310px\" class=\"wp-caption alignright\"><img loading=\"lazy\" decoding=\"async\" aria-describedby=\"caption-attachment-5195\" class=\"size-medium wp-image-5195\" src=\"https:\/\/www.ibot.cas.cz\/oddeleni-vegetacni-ekologie\/wp-content\/uploads\/sites\/12\/2023\/05\/Historie_5_eng-300x198.jpg\" alt=\"\" width=\"300\" height=\"198\" srcset=\"https:\/\/www.ibot.cas.cz\/oddeleni-vegetacni-ekologie\/wp-content\/uploads\/sites\/12\/2023\/05\/Historie_5_eng-300x198.jpg 300w, https:\/\/www.ibot.cas.cz\/oddeleni-vegetacni-ekologie\/wp-content\/uploads\/sites\/12\/2023\/05\/Historie_5_eng-1024x675.jpg 1024w, https:\/\/www.ibot.cas.cz\/oddeleni-vegetacni-ekologie\/wp-content\/uploads\/sites\/12\/2023\/05\/Historie_5_eng-768x506.jpg 768w, https:\/\/www.ibot.cas.cz\/oddeleni-vegetacni-ekologie\/wp-content\/uploads\/sites\/12\/2023\/05\/Historie_5_eng.jpg 1179w\" sizes=\"auto, (max-width: 300px) 100vw, 300px\" \/><p id=\"caption-attachment-5195\" class=\"wp-caption-text\"><small>Beskydy Mts., White Ostravice. From the left P. Holub, K. Fiala, J. Jakrlov\u00e1, I. T\u016fma<\/small><\/p><\/div>\n<p>Since the early 1990s, when the Czechoslovak Academy of Sciences was transformed into the Academy of Sciences of the Czech Republic, the research focus of the Department has been determined by successful grant projects. Three successive three-year projects focused on the study of the function of grassland ecosystems and their role in deforested areas after air pollution calamities. Soil acidification and subsequent leaching of nutrients caused by acid deposition was shown to be prevented by grasslands. The study of the relationship between soil and ferns contributed to understanding the role of ferns in deforested areas. Another three grant projects contributed to understanding the causes and consequences of the expansion of long-stemmed grasses in grassland communities.<\/p>\n<p>The paleoecological working group worked on the research projects <a href=\"http:\/\/www.isvav.cz\/projectDetail.do?rowId=GA206%2F93%2F1185\" target=\"_blank\" rel=\"noopener\">Comparative Studies in the Vegetation and Environment Histories of the Bohemian Massif, the Carpathians and the Alps in the Last 15 000 Years<\/a> and, in particular, the <a href=\"http:\/\/www.isvav.cz\/projectDetail.do?rowId=GA206%2F96%2F0531\" target=\"_blank\" rel=\"noopener\">Synthesis of existing studies on the history of the vegetation of the Czech Republic and Slovakia<\/a>. In 1999-2004, the group coordinated a broad multidisciplinary project <i>Sloping springs and springs fens of the Moravian-Slovakian flysch borderland<\/i>, in which universities in Brno and Olomouc participated.<\/p>\n<p>The emphasis on the research of vegetation diversity has gradually increased since 2005. Several members of the Department were among the co-authors of the four-part monograph <a href=\"http:\/\/www.sci.muni.cz\/botany\/vegsci\/vegetace.php?lang=en&amp;page=monograph\" target=\"_blank\" rel=\"noopener\">Vegetation of the Czech Republic<\/a>, which won the 2012 Award of the President of the Czech Science Foundation. A five-year grant project entitled <a title=\"Lowland woodland in the perspective of the historical development\" href=\"http:\/\/ekolbrno.ibot.cas.cz\/?page_id=171\">Lowland woodlands in the perspective of historical development<\/a> was awarded to the department in 2008, opening up the research agenda towards the <b>history of human-vegetation interactions<\/b>. This direction was further strengthened through a grant from the European Research Council for the project <a title=\"Dlouhodob\u00e1 dynamika les\u016f ve st\u0159edn\u00ed Evrop\u011b: od odhad\u016f k realistick\u00e9mu modelu\" href=\"http:\/\/ekolbrno.ibot.cas.cz\/?page_id=234\">Long-term woodland dynamics in Central Europe: from estimations to a realistic model (\u200b\u200b2012-2016)<\/a>.<\/p>\n<p><b style=\"line-height: 1.5em\">One department, many addresses<\/b><\/p>\n<p>For nearly six decades of its existence in Brno, the Department experienced only one longer period of stability, residing at Star\u00e1 18 for thirty years in 1961\u00ad\u20131991.<\/p>\n<ul>\n<li><span style=\"line-height: 1.5em\">1956\u20131961 Kotl\u00e1\u0159sk\u00e1 2, at the Department of Botany, Faculty of Science, Masaryk University in Brno; in 1958-1961 also at Gork\u00e9ho 43.<br \/>\n<\/span><\/li>\n<li><b>1961\u20131991 Star\u00e1 18.<br \/>\n<\/b><\/li>\n<li>1991\u20131993 Kounicova 42.<\/li>\n<li>1993\u20132010 Po\u0159\u00ed\u010d\u00ed 3b (currently B\u011blidla 4a; rented from the Institute of Landscape Ecology, later-on the Institute of System Biology and Ecology, today Global Change Research Centre of the Czech Academy of Sciences).<\/li>\n<li>Since 2010 <b>Lidick\u00e1 25\/27<\/b> (rented from the Silva Tarouca Research Institute for Landscape and Ornamental Gardening).<\/li>\n<\/ul>\n","protected":false},"excerpt":{"rendered":"<p>The origins of the Department of Vegetation Ecology go back to the 1950s, when the Geobotanical Laboratories in Pr\u016fhonice (1954) and Brno (1955) were founded as part of the Czechoslovak Academy of Sciences (CSAS). The head of the Brno lab was Jan \u0160marda, bryologist, phytogeographist, geobotanist and mycologist. The Institute of Botany was established by [&hellip;]<\/p>\n","protected":false},"author":24,"featured_media":0,"parent":4917,"menu_order":0,"comment_status":"closed","ping_status":"closed","template":"","meta":{"_acf_changed":false,"footnotes":"","_links_to":"","_links_to_target":""},"class_list":["post-4921","page","type-page","status-publish","hentry"],"acf":[],"_links":{"self":[{"href":"https:\/\/www.ibot.cas.cz\/oddeleni-vegetacni-ekologie\/wp-json\/wp\/v2\/pages\/4921","targetHints":{"allow":["GET"]}}],"collection":[{"href":"https:\/\/www.ibot.cas.cz\/oddeleni-vegetacni-ekologie\/wp-json\/wp\/v2\/pages"}],"about":[{"href":"https:\/\/www.ibot.cas.cz\/oddeleni-vegetacni-ekologie\/wp-json\/wp\/v2\/types\/page"}],"author":[{"embeddable":true,"href":"https:\/\/www.ibot.cas.cz\/oddeleni-vegetacni-ekologie\/wp-json\/wp\/v2\/users\/24"}],"replies":[{"embeddable":true,"href":"https:\/\/www.ibot.cas.cz\/oddeleni-vegetacni-ekologie\/wp-json\/wp\/v2\/comments?post=4921"}],"version-history":[{"count":10,"href":"https:\/\/www.ibot.cas.cz\/oddeleni-vegetacni-ekologie\/wp-json\/wp\/v2\/pages\/4921\/revisions"}],"predecessor-version":[{"id":5580,"href":"https:\/\/www.ibot.cas.cz\/oddeleni-vegetacni-ekologie\/wp-json\/wp\/v2\/pages\/4921\/revisions\/5580"}],"up":[{"embeddable":true,"href":"https:\/\/www.ibot.cas.cz\/oddeleni-vegetacni-ekologie\/wp-json\/wp\/v2\/pages\/4917"}],"wp:attachment":[{"href":"https:\/\/www.ibot.cas.cz\/oddeleni-vegetacni-ekologie\/wp-json\/wp\/v2\/media?parent=4921"}],"curies":[{"name":"wp","href":"https:\/\/api.w.org\/{rel}","templated":true}]}}