{"id":2,"date":"2018-09-24T18:30:44","date_gmt":"2018-09-24T16:30:44","guid":{"rendered":"https:\/\/www.ibot.cas.cz\/botanika\/?page_id=2"},"modified":"2026-04-21T08:00:53","modified_gmt":"2026-04-21T06:00:53","slug":"casopis","status":"publish","type":"page","link":"https:\/\/www.ibot.cas.cz\/botanika\/?page_id=2","title":{"rendered":"\u010casopis Botanika"},"content":{"rendered":"<p>\u010casopis Botanika m\u00e1 za c\u00edl zp\u0159\u00edstupnit \u0161ir\u0161\u00ed ve\u0159ejnosti novinky z botanick\u00e9ho v\u00fdzkumu. P\u0159in\u00e1\u0161\u00ed tak\u00e9 rozhovory s na\u0161imi p\u0159edn\u00edmi v\u011bdci a v\u011bdkyn\u011bmi, report\u00e1\u017ee z v\u00fdzkumu nebo informace o \u010dinnosti botanick\u00fdch sb\u00edrek v botanick\u00fdch zahrad\u00e1ch v Pr\u016fhonic\u00edch a T\u0159eboni. \u010casopis je ur\u010den p\u0159edev\u0161\u00edm pro ve\u0159ejnost s hlub\u0161\u00edm z\u00e1jmem o p\u0159\u00edrodu, st\u0159edo\u0161kolsk\u00e9 studenty i u\u010ditele a pro p\u0159\u00edrodov\u011bdn\u011b zam\u011b\u0159en\u00e9 odborn\u00edky z praxe. \u010casopis vyd\u00e1v\u00e1 Botanick\u00fd \u00fastav Akademie v\u011bd \u010cR ve spolupr\u00e1ci s \u010ceskou botanickou spole\u010dnost\u00ed.<\/p>\n<p>&nbsp;<\/p>\n<p><strong>Redak\u010dn\u00ed rada:<\/strong><br \/>\nRNDr. V\u011broslava Hadincov\u00e1, CSc.<br \/>\nRNDr. Zuzana Chumov\u00e1, Ph.D.<br \/>\nMgr. Josef Jur\u00e1\u0148, Ph.D.<br \/>\nMgr. Ji\u0159\u00ed Mal\u00ed\u010dek, Ph.D.<br \/>\nRNDr. Pavel Sekerka<br \/>\nRNDr. Hana Sk\u00e1lov\u00e1, CSc.<br \/>\n(v\u0161ichni Botanick\u00fd \u00fastav AV \u010cR, v. v. i.)<br \/>\nMgr. Kate\u0159ina Woodard, Ph.D. (\u010cesk\u00e1 botanick\u00e1 spole\u010dnost)<\/p>\n<p><strong>Periodicita:<\/strong><br \/>\nPravideln\u00e1 \u010d\u00edsla \u010dasopisu vych\u00e1zej\u00ed dvakr\u00e1t ro\u010dn\u011b.<br \/>\nDo roku 2022 bylo vyd\u00e1no tak\u00e9 n\u011bkolik speci\u00e1ln\u00edch \u010d\u00edsel &#8211; obrazov\u00fdch pr\u016fvodc\u016f po vybran\u00fdch skupin\u00e1ch rostlin v Pr\u016fhonick\u00e9m parku.<\/p>\n<p>ISSN 2336-2243 (Print)<br \/>\nISSN 2336-2251 (On-line)<\/p>\n<p>Grafick\u00e9 zpracov\u00e1n\u00ed: Mgr. Ji\u0159\u00ed Kal\u00e1\u010dek, www.kalacek.cz<br \/>\nTisk: UNIPRESS Turnov<\/p>\n<p>Eviden\u010dn\u00ed \u010d\u00edslo periodick\u00e9ho tisku Ministerstva kultury \u010cR E21830<br \/>\n\u00a9 V\u0161echna pr\u00e1va vyhrazena<\/p>\n","protected":false},"excerpt":{"rendered":"<p>\u010casopis Botanika m\u00e1 za c\u00edl zp\u0159\u00edstupnit \u0161ir\u0161\u00ed ve\u0159ejnosti novinky z botanick\u00e9ho v\u00fdzkumu. P\u0159in\u00e1\u0161\u00ed tak\u00e9 rozhovory s na\u0161imi p\u0159edn\u00edmi v\u011bdci a v\u011bdkyn\u011bmi, report\u00e1\u017ee z v\u00fdzkumu nebo informace o \u010dinnosti botanick\u00fdch sb\u00edrek v botanick\u00fdch zahrad\u00e1ch v Pr\u016fhonic\u00edch a T\u0159eboni. \u010casopis je ur\u010den p\u0159edev\u0161\u00edm pro ve\u0159ejnost s hlub\u0161\u00edm z\u00e1jmem o p\u0159\u00edrodu, st\u0159edo\u0161kolsk\u00e9 studenty i u\u010ditele a pro p\u0159\u00edrodov\u011bdn\u011b [&hellip;]<\/p>\n","protected":false},"author":5,"featured_media":0,"parent":0,"menu_order":0,"comment_status":"closed","ping_status":"open","template":"","meta":{"_acf_changed":false,"footnotes":"","_links_to":"","_links_to_target":""},"class_list":["post-2","page","type-page","status-publish","hentry"],"acf":[],"_links":{"self":[{"href":"https:\/\/www.ibot.cas.cz\/botanika\/index.php?rest_route=\/wp\/v2\/pages\/2","targetHints":{"allow":["GET"]}}],"collection":[{"href":"https:\/\/www.ibot.cas.cz\/botanika\/index.php?rest_route=\/wp\/v2\/pages"}],"about":[{"href":"https:\/\/www.ibot.cas.cz\/botanika\/index.php?rest_route=\/wp\/v2\/types\/page"}],"author":[{"embeddable":true,"href":"https:\/\/www.ibot.cas.cz\/botanika\/index.php?rest_route=\/wp\/v2\/users\/5"}],"replies":[{"embeddable":true,"href":"https:\/\/www.ibot.cas.cz\/botanika\/index.php?rest_route=%2Fwp%2Fv2%2Fcomments&post=2"}],"version-history":[{"count":39,"href":"https:\/\/www.ibot.cas.cz\/botanika\/index.php?rest_route=\/wp\/v2\/pages\/2\/revisions"}],"predecessor-version":[{"id":1658,"href":"https:\/\/www.ibot.cas.cz\/botanika\/index.php?rest_route=\/wp\/v2\/pages\/2\/revisions\/1658"}],"wp:attachment":[{"href":"https:\/\/www.ibot.cas.cz\/botanika\/index.php?rest_route=%2Fwp%2Fv2%2Fmedia&parent=2"}],"curies":[{"name":"wp","href":"https:\/\/api.w.org\/{rel}","templated":true}]}}

Časopis Botanika

<p>Časopis Botanika má za cíl zpřístupnit širší veřejnosti novinky z botanického výzkumu. Přináší také rozhovory s našimi předními vědci a vědkyněmi, reportáže z výzkumu nebo informace o činnosti botanických sbírek v botanických zahradách v Průhonicích a Třeboni. Časopis je určen především pro veřejnost s hlubším zájmem o přírodu, středoškolské studenty i učitele a pro přírodovědně zaměřené odborníky z praxe. Časopis vydává Botanický ústav Akademie věd ČR ve spolupráci s Českou botanickou společností.</p>
<p>&nbsp;</p>
<p><strong>Redakční rada:</strong><br />
RNDr. Věroslava Hadincová, CSc.<br />
RNDr. Zuzana Chumová, Ph.D.<br />
Mgr. Josef Juráň, Ph.D.<br />
Mgr. Jiří Malíček, Ph.D.<br />
RNDr. Pavel Sekerka<br />
RNDr. Hana Skálová, CSc.<br />
(všichni Botanický ústav AV ČR, v. v. i.)<br />
Mgr. Kateřina Woodard, Ph.D. (Česká botanická společnost)</p>
<p><strong>Periodicita:</strong><br />
Pravidelná čísla časopisu vycházejí dvakrát ročně.<br />
Do roku 2022 bylo vydáno také několik speciálních čísel &#8211; obrazových průvodců po vybraných skupinách rostlin v Průhonickém parku.</p>
<p>ISSN 2336-2243 (Print)<br />
ISSN 2336-2251 (On-line)</p>
<p>Grafické zpracování: Mgr. Jiří Kaláček, www.kalacek.cz<br />
Tisk: UNIPRESS Turnov</p>
<p>Evidenční číslo periodického tisku Ministerstva kultury ČR E21830<br />
© Všechna práva vyhrazena</p>

<p>Časopis Botanika má za cíl zpřístupnit širší veřejnosti novinky z botanického výzkumu. Přináší také rozhovory s našimi předními vědci a vědkyněmi, reportáže z výzkumu nebo informace o činnosti botanických sbírek v botanických zahradách v Průhonicích a Třeboni. Časopis je určen především pro veřejnost s hlubším zájmem o přírodu, středoškolské studenty i učitele a pro přírodovědně [&hellip;]</p>
